{"id":56,"date":"2025-09-07T08:28:34","date_gmt":"2025-09-07T08:28:34","guid":{"rendered":"https:\/\/sujuvo.fi\/?page_id=56"},"modified":"2025-11-17T16:31:15","modified_gmt":"2025-11-17T16:31:15","slug":"yhteystiedot","status":"publish","type":"page","link":"https:\/\/sujuvo.fi\/?page_id=56","title":{"rendered":"Yhteystiedot"},"content":{"rendered":"\n<div class=\"wp-block-stackable-card stk-block-card stk-block stk-e1bf302 is-style-default\" data-v=\"2\" data-block-id=\"e1bf302\"><div class=\"stk--no-padding stk-container stk-e1bf302-container stk-hover-parent\"><figure class=\"stk-block-card__image stk-img-wrapper stk-image--shape-stretch\"><img loading=\"lazy\" decoding=\"async\" class=\"stk-img wp-image-74\" src=\"https:\/\/sujuvo.fi\/wp-content\/uploads\/2025\/09\/Matti_Eronen.jpg\" width=\"1299\" height=\"1301\" srcset=\"https:\/\/sujuvo.fi\/wp-content\/uploads\/2025\/09\/Matti_Eronen.jpg 1299w, https:\/\/sujuvo.fi\/wp-content\/uploads\/2025\/09\/Matti_Eronen-300x300.jpg 300w, https:\/\/sujuvo.fi\/wp-content\/uploads\/2025\/09\/Matti_Eronen-1022x1024.jpg 1022w, https:\/\/sujuvo.fi\/wp-content\/uploads\/2025\/09\/Matti_Eronen-150x150.jpg 150w, https:\/\/sujuvo.fi\/wp-content\/uploads\/2025\/09\/Matti_Eronen-768x769.jpg 768w\" sizes=\"auto, (max-width: 1299px) 100vw, 1299px\" \/><\/figure><div class=\"stk-container-padding stk-block-card__content\"><div class=\"stk-block-content stk-inner-blocks stk-e1bf302-inner-blocks\">\n<div class=\"wp-block-stackable-heading stk-block-heading stk-block-heading--v2 stk-block stk-8a31121\" id=\"matti-eronen\" data-block-id=\"8a31121\"><h2 class=\"stk-block-heading__text\">Matti Eronen<\/h2><\/div>\n\n\n\n<div class=\"wp-block-stackable-text stk-block-text stk-block stk-7d3195c\" data-block-id=\"7d3195c\"><p class=\"stk-block-text__text\">Olen ICT-asiantuntija, jolla on jo 30-vuoden kokemus alalta. Yksityisen ja julkisen sektorin ICT-palveluista.<br>K\u00e4yt\u00e4nn\u00f6nl\u00e4heinen kehitt\u00e4j\u00e4, joka ymm\u00e4rt\u00e4\u00e4 sek\u00e4 teknologian ett\u00e4 ihmisten tarpeet.<\/p><\/div>\n\n\n\n<p>Teen teknologiasta apurin, en riesaa.<br>Autan yrityksi\u00e4 ja kuntia rakentamaan sujuvampaa arkea digitalisaation, automaation ja selke\u00e4n ajattelun avulla.<\/p>\n\n\n\n<p>Olen digitaalisen arjen sujuvoittaja, jolla on vahva tausta ICT-suunnittelussa, Power Platform -ratkaisuissa ja prosessien kehitt\u00e4misess\u00e4. Uskon, ett\u00e4 hyv\u00e4 j\u00e4rjestelm\u00e4 on sellainen, jota ei tarvitse selitt\u00e4\u00e4 \u2013 se vain toimii.<\/p>\n\n\n\n<p>Perustin Sujuvon, koska n\u00e4in liian monta monimutkaista ratkaisua yksinkertaisiin ongelmiin. Nyt autan tekem\u00e4\u00e4n niit\u00e4 toisin:<\/p>\n\n\n\n<ul class=\"wp-block-list\">\n<li>Power Apps ja Power Automate -ratkaisut, jotka istuvat arkeen kuin hiiri k\u00e4teen<\/li>\n\n\n\n<li>Tietovirtojen ja prosessien optimointi, jotta tieto liikkuu ilman turhaa klikkailua<\/li>\n\n\n\n<li>ICT-suunnittelu, jossa k\u00e4yt\u00e4nn\u00f6n toteutus kohtaa j\u00e4rkev\u00e4n logiikan<\/li>\n<\/ul>\n\n\n\n<p>Kun teknologia toimii, ihmiset p\u00e4\u00e4sev\u00e4t keskittym\u00e4\u00e4n olennaiseen.<br>Jos haluat, ett\u00e4 j\u00e4rjestelm\u00e4si toimii kuin olisi aina toiminut \u2013 ota yhteytt\u00e4.<\/p>\n\n\n\n<div class=\"wp-block-buttons is-layout-flex wp-block-buttons-is-layout-flex\">\n<div class=\"wp-block-button\"><a class=\"wp-block-button__link has-accent-4-background-color has-background wp-element-button\" href=\"mailto:sujuvofi@sujuvo.fi\">Ota yhteytt\u00e4<\/a><\/div>\n\n\n\n<div class=\"wp-block-button\"><a class=\"wp-block-button__link has-accent-4-background-color has-background wp-element-button\" href=\"https:\/\/outlook.office.com\/book\/Sujuvo@teamsin.net\/?ismsaljsauthenabled\" target=\"_blank\" rel=\"noreferrer noopener\">Varaa aika tapaamiselle verkossa 1-tunti<\/a><\/div>\n<\/div>\n<\/div><\/div><\/div><\/div>\n\n\n\n<p><\/p>\n","protected":false},"excerpt":{"rendered":"<p>Matti Eronen Olen ICT-asiantuntija, jolla on jo 30-vuoden kokemus alalta. Yksityisen ja julkisen sektorin ICT-palveluista.K\u00e4yt\u00e4nn\u00f6nl\u00e4heinen kehitt\u00e4j\u00e4, joka ymm\u00e4rt\u00e4\u00e4 sek\u00e4 teknologian ett\u00e4 ihmisten tarpeet. Teen teknologiasta apurin, en riesaa.Autan yrityksi\u00e4 ja kuntia rakentamaan sujuvampaa arkea digitalisaation, automaation ja selke\u00e4n ajattelun avulla. Olen digitaalisen arjen sujuvoittaja, jolla on vahva tausta ICT-suunnittelussa, Power Platform -ratkaisuissa ja prosessien kehitt\u00e4misess\u00e4. [&hellip;]<\/p>\n","protected":false},"author":1,"featured_media":0,"parent":0,"menu_order":0,"comment_status":"closed","ping_status":"closed","template":"","meta":{"footnotes":""},"class_list":["post-56","page","type-page","status-publish","hentry"],"_links":{"self":[{"href":"https:\/\/sujuvo.fi\/index.php?rest_route=\/wp\/v2\/pages\/56","targetHints":{"allow":["GET"]}}],"collection":[{"href":"https:\/\/sujuvo.fi\/index.php?rest_route=\/wp\/v2\/pages"}],"about":[{"href":"https:\/\/sujuvo.fi\/index.php?rest_route=\/wp\/v2\/types\/page"}],"author":[{"embeddable":true,"href":"https:\/\/sujuvo.fi\/index.php?rest_route=\/wp\/v2\/users\/1"}],"replies":[{"embeddable":true,"href":"https:\/\/sujuvo.fi\/index.php?rest_route=%2Fwp%2Fv2%2Fcomments&post=56"}],"version-history":[{"count":10,"href":"https:\/\/sujuvo.fi\/index.php?rest_route=\/wp\/v2\/pages\/56\/revisions"}],"predecessor-version":[{"id":133,"href":"https:\/\/sujuvo.fi\/index.php?rest_route=\/wp\/v2\/pages\/56\/revisions\/133"}],"wp:attachment":[{"href":"https:\/\/sujuvo.fi\/index.php?rest_route=%2Fwp%2Fv2%2Fmedia&parent=56"}],"curies":[{"name":"wp","href":"https:\/\/api.w.org\/{rel}","templated":true}]}}